{"id":232,"date":"2021-04-28T15:16:03","date_gmt":"2021-04-28T13:16:03","guid":{"rendered":"https:\/\/www.mb-personal-consulting.ch\/cms\/?p=232"},"modified":"2021-06-23T08:39:31","modified_gmt":"2021-06-23T06:39:31","slug":"meine-arbeitswelt-veraendert-sich-und-ich","status":"publish","type":"page","link":"https:\/\/www.mb-personal-consulting.ch\/cms\/index.php\/meine-arbeitswelt-veraendert-sich-und-ich\/","title":{"rendered":"\u00abMeine Arbeitswelt ver\u00e4ndert sich \u2013 und ICH?!\u00bb"},"content":{"rendered":"\n<p><strong>Der &#171;Ent-Wicklungstag&#187; f\u00fcr Sie und Ihre Mitarbeitenden<\/strong><br>Dieser Tag besteht aus einem strukturierten Verfahren, basierend auf der \u00abTheorie U\u00bb nach Dr. C. Otto Scharmer. Die Teilnehmenden erarbeiten in neun Arbeits-Sequenzen den Weg vom IST-Zustand bis zur Vorbereitung und Umsetzung ihrer zuk\u00fcnftigen Aktionen und Ziele. Der Entwicklungstag dient auch zum Erkennen und Vorbeugen von psychosozialen Risiken. Er ist f\u00fcr alle Personen geeignet, welche sich einen Tag intensiv mit sich selber, ihrem Handeln und ihrer Zukunft auseinandersetzen wollen. Sie durchlaufen in Eigenverantwortung einen von der Seminarleitung gef\u00fchrten und begleiteten Prozess. W\u00e4hrend des Tages gibt es gen\u00fcgend Raum f\u00fcr die Besprechung von Anliegen und Ideen der Teilnehmenden. Der Austausch unter allen ist erw\u00fcnscht und wichtiger Bestandteil des Prozesses. Pro Sequenz werden Informationen, Selbstchecks und Inputs zu Themen wie Resilienz, Ressourcen-Aktivierung, Burnout usw. eingebunden und erl\u00e4utert. Dieser Ent-Wicklungstag ist bereits bei Mitarbeitenden eines grossen Industrieunternehmens auf ein sehr positives Echo gestossen.<\/p>\n\n\n\n<p><\/p>\n\n\n\n<p><\/p>\n\n\n\n<p><strong>Die Schwerpunkte<\/strong><\/p>\n\n\n\n<ul class=\"wp-block-list\"><li>den Zustand der aktuellen Lebenssituation (Beruf und privat) erkennen und f\u00fcr sich formulieren<\/li><li>sich momentan bietende M\u00f6glichkeiten erkennen und definieren<\/li><li>die eigenen Ressourcen erfassen und beschreiben<\/li><li>eigene Ziele und Commitments zum selbstverantwortlichen, zuk\u00fcnftigen Handeln festhalten<\/li><li>die Umsetzung der eigenen Ziele und Commitments definieren und planen<\/li><\/ul>\n\n\n\n<p><strong>Ziel und Nutzwert<\/strong><br>Die Teilnehmenden haben zum Abschluss des Entwicklungstages f\u00fcr sich umsetzbare Ideen und Commitments zum eigenverantwortlichen Handeln entwickelt und sind best\u00e4rkt diese umzusetzen.<\/p>\n\n\n\n<p><\/p>\n\n\n\n<p><strong>Mein Angebot<\/strong><br>In der Regel wird dieser Entwicklungstag am Standort des Unternehmens durchgef\u00fchrt. Eine Durchf\u00fchrung an einem anderen Ort und in einem anderen Format ist sehr gut m\u00f6glich.<\/p>\n\n\n\n<p>Dauer des Entwicklungstages: 8.30 Uhr bis 17.00 Uhr<\/p>\n\n\n\n<p>Die Anzahl der Teilnehmenden ist offen. Aus Erfahrung empfehle ich den Tag f\u00fcr Gruppen bis zu 15 Personen. So k\u00f6nnen der wichtige Austausch und das Networking unter allen gew\u00e4hrleistet werden.<\/p>\n\n\n\n<p>Betreffend Kosten und Aufwand bitte ich Sie, mich zu kontaktieren. Gerne erstelle ich Ihnen eine auf Ihre Bed\u00fcrfnisse zugeschnittene Offerte f\u00fcr den Entwicklungstag Ihres Unternehmens.<\/p>\n\n\n\n<p>Haben Sie Fragen zum Entwicklungstag?Sie erreichen mich via Telefon 041 360 31 30, Mobile 079 322 67 82 oder per Mail via\u00a0<a href=\"mailto:willkommen@MB-Personal-Consulting.ch\">willkommen@MB-Personal-Consulting.ch<\/a> <\/p>\n\n\n\n<p>Ich freue mich auf Ihre Kontaktnahme!<\/p>\n\n\n\n<p>Markus Bieri<\/p>\n","protected":false},"excerpt":{"rendered":"<p>Der &#171;Ent-Wicklungstag&#187; f\u00fcr Sie und Ihre MitarbeitendenDieser Tag besteht aus einem strukturierten Verfahren, basierend auf der \u00abTheorie U\u00bb nach Dr. C. Otto Scharmer. Die Teilnehmenden erarbeiten in neun Arbeits-Sequenzen den Weg vom IST-Zustand bis zur Vorbereitung und Umsetzung ihrer zuk\u00fcnftigen Aktionen und Ziele. Der Entwicklungstag dient auch zum Erkennen und Vorbeugen von psychosozialen Risiken. Er &hellip; <a href=\"https:\/\/www.mb-personal-consulting.ch\/cms\/index.php\/meine-arbeitswelt-veraendert-sich-und-ich\/\" class=\"more-link\"><span class=\"screen-reader-text\">\u00abMeine Arbeitswelt ver\u00e4ndert sich \u2013 und ICH?!\u00bb<\/span> weiterlesen<\/a><\/p>\n","protected":false},"author":1,"featured_media":0,"parent":0,"menu_order":0,"comment_status":"closed","ping_status":"closed","template":"","meta":{"footnotes":""},"class_list":["post-232","page","type-page","status-publish","hentry"],"_links":{"self":[{"href":"https:\/\/www.mb-personal-consulting.ch\/cms\/index.php\/wp-json\/wp\/v2\/pages\/232","targetHints":{"allow":["GET"]}}],"collection":[{"href":"https:\/\/www.mb-personal-consulting.ch\/cms\/index.php\/wp-json\/wp\/v2\/pages"}],"about":[{"href":"https:\/\/www.mb-personal-consulting.ch\/cms\/index.php\/wp-json\/wp\/v2\/types\/page"}],"author":[{"embeddable":true,"href":"https:\/\/www.mb-personal-consulting.ch\/cms\/index.php\/wp-json\/wp\/v2\/users\/1"}],"replies":[{"embeddable":true,"href":"https:\/\/www.mb-personal-consulting.ch\/cms\/index.php\/wp-json\/wp\/v2\/comments?post=232"}],"version-history":[{"count":5,"href":"https:\/\/www.mb-personal-consulting.ch\/cms\/index.php\/wp-json\/wp\/v2\/pages\/232\/revisions"}],"predecessor-version":[{"id":264,"href":"https:\/\/www.mb-personal-consulting.ch\/cms\/index.php\/wp-json\/wp\/v2\/pages\/232\/revisions\/264"}],"wp:attachment":[{"href":"https:\/\/www.mb-personal-consulting.ch\/cms\/index.php\/wp-json\/wp\/v2\/media?parent=232"}],"curies":[{"name":"wp","href":"https:\/\/api.w.org\/{rel}","templated":true}]}}

«Meine Arbeitswelt verändert sich – und ICH?!»

<p><strong>Der &#171;Ent-Wicklungstag&#187; für Sie und Ihre Mitarbeitenden</strong><br>Dieser Tag besteht aus einem strukturierten Verfahren, basierend auf der «Theorie U» nach Dr. C. Otto Scharmer. Die Teilnehmenden erarbeiten in neun Arbeits-Sequenzen den Weg vom IST-Zustand bis zur Vorbereitung und Umsetzung ihrer zukünftigen Aktionen und Ziele. Der Entwicklungstag dient auch zum Erkennen und Vorbeugen von psychosozialen Risiken. Er ist für alle Personen geeignet, welche sich einen Tag intensiv mit sich selber, ihrem Handeln und ihrer Zukunft auseinandersetzen wollen. Sie durchlaufen in Eigenverantwortung einen von der Seminarleitung geführten und begleiteten Prozess. Während des Tages gibt es genügend Raum für die Besprechung von Anliegen und Ideen der Teilnehmenden. Der Austausch unter allen ist erwünscht und wichtiger Bestandteil des Prozesses. Pro Sequenz werden Informationen, Selbstchecks und Inputs zu Themen wie Resilienz, Ressourcen-Aktivierung, Burnout usw. eingebunden und erläutert. Dieser Ent-Wicklungstag ist bereits bei Mitarbeitenden eines grossen Industrieunternehmens auf ein sehr positives Echo gestossen.</p>



<p></p>



<p></p>



<p><strong>Die Schwerpunkte</strong></p>



<ul class="wp-block-list"><li>den Zustand der aktuellen Lebenssituation (Beruf und privat) erkennen und für sich formulieren</li><li>sich momentan bietende Möglichkeiten erkennen und definieren</li><li>die eigenen Ressourcen erfassen und beschreiben</li><li>eigene Ziele und Commitments zum selbstverantwortlichen, zukünftigen Handeln festhalten</li><li>die Umsetzung der eigenen Ziele und Commitments definieren und planen</li></ul>



<p><strong>Ziel und Nutzwert</strong><br>Die Teilnehmenden haben zum Abschluss des Entwicklungstages für sich umsetzbare Ideen und Commitments zum eigenverantwortlichen Handeln entwickelt und sind bestärkt diese umzusetzen.</p>



<p></p>



<p><strong>Mein Angebot</strong><br>In der Regel wird dieser Entwicklungstag am Standort des Unternehmens durchgeführt. Eine Durchführung an einem anderen Ort und in einem anderen Format ist sehr gut möglich.</p>



<p>Dauer des Entwicklungstages: 8.30 Uhr bis 17.00 Uhr</p>



<p>Die Anzahl der Teilnehmenden ist offen. Aus Erfahrung empfehle ich den Tag für Gruppen bis zu 15 Personen. So können der wichtige Austausch und das Networking unter allen gewährleistet werden.</p>



<p>Betreffend Kosten und Aufwand bitte ich Sie, mich zu kontaktieren. Gerne erstelle ich Ihnen eine auf Ihre Bedürfnisse zugeschnittene Offerte für den Entwicklungstag Ihres Unternehmens.</p>



<p>Haben Sie Fragen zum Entwicklungstag?Sie erreichen mich via Telefon 041 360 31 30, Mobile 079 322 67 82 oder per Mail via <a href="mailto:willkommen@MB-Personal-Consulting.ch">willkommen@MB-Personal-Consulting.ch</a> </p>



<p>Ich freue mich auf Ihre Kontaktnahme!</p>



<p>Markus Bieri</p>

<p>Der &#171;Ent-Wicklungstag&#187; für Sie und Ihre MitarbeitendenDieser Tag besteht aus einem strukturierten Verfahren, basierend auf der «Theorie U» nach Dr. C. Otto Scharmer. Die Teilnehmenden erarbeiten in neun Arbeits-Sequenzen den Weg vom IST-Zustand bis zur Vorbereitung und Umsetzung ihrer zukünftigen Aktionen und Ziele. Der Entwicklungstag dient auch zum Erkennen und Vorbeugen von psychosozialen Risiken. Er &hellip; <a href="https://www.mb-personal-consulting.ch/cms/index.php/meine-arbeitswelt-veraendert-sich-und-ich/" class="more-link"><span class="screen-reader-text">«Meine Arbeitswelt verändert sich – und ICH?!»</span> weiterlesen</a></p>
