{"id":40,"date":"2021-04-14T12:24:02","date_gmt":"2021-04-14T10:24:02","guid":{"rendered":"https:\/\/www.mb-personal-consulting.ch\/cms\/?p=40"},"modified":"2021-07-06T11:45:14","modified_gmt":"2021-07-06T09:45:14","slug":"seminare","status":"publish","type":"page","link":"https:\/\/www.mb-personal-consulting.ch\/cms\/index.php\/seminare\/","title":{"rendered":"Seminarangebot"},"content":{"rendered":"\n<p><\/p>\n\n\n\n<h3 class=\"wp-block-heading\">Der Ent-Wicklungstag f\u00fcr Sie und Ihr Unternehmen:<\/h3>\n\n\n\n<h2 class=\"wp-block-heading\">\u00abMeine Arbeitswelt ver\u00e4ndert sich \u2013 und ICH?!\u00bb<\/h2>\n\n\n\n<p>Seminar f\u00fcr <a href=\"https:\/\/www.mb-personal-consulting.ch\/cms\/index.php\/2021\/04\/28\/seminarangebot-fuer-unternehmen\/\" target=\"_blank\" rel=\"noreferrer noopener\">Unternehmen<\/a><\/p>\n\n\n\n<p>Seminar f\u00fcr <a href=\"https:\/\/www.mb-personal-consulting.ch\/cms\/index.php\/2021\/04\/14\/fuer-privatpersonen\/\">Privatpersonen<\/a><\/p>\n\n\n\n<figure class=\"wp-block-image size-large\"><img loading=\"lazy\" decoding=\"async\" width=\"1024\" height=\"717\" src=\"https:\/\/www.mb-personal-consulting.ch\/cms\/wp-content\/uploads\/2021\/04\/theorie_u_juli_04-1024x717.png\" alt=\"\" class=\"wp-image-152\" srcset=\"https:\/\/www.mb-personal-consulting.ch\/cms\/wp-content\/uploads\/2021\/04\/theorie_u_juli_04-1024x717.png 1024w, https:\/\/www.mb-personal-consulting.ch\/cms\/wp-content\/uploads\/2021\/04\/theorie_u_juli_04-300x210.png 300w, https:\/\/www.mb-personal-consulting.ch\/cms\/wp-content\/uploads\/2021\/04\/theorie_u_juli_04-768x538.png 768w, https:\/\/www.mb-personal-consulting.ch\/cms\/wp-content\/uploads\/2021\/04\/theorie_u_juli_04.png 1428w\" sizes=\"auto, (max-width: 1024px) 100vw, 1024px\" \/><\/figure>\n\n\n\n<p><\/p>\n\n\n\n<p>in 9 Schritten zu neuen Zielen<\/p>\n\n\n\n<p>Ver\u00f6ffentlichte Fachtexte von Markus Bieri zum Thema \u00abMensch 4.0\u00bb<\/p>\n\n\n\n<p><\/p>\n","protected":false},"excerpt":{"rendered":"<p>Der Ent-Wicklungstag f\u00fcr Sie und Ihr Unternehmen: \u00abMeine Arbeitswelt ver\u00e4ndert sich \u2013 und ICH?!\u00bb Seminar f\u00fcr Unternehmen Seminar f\u00fcr Privatpersonen in 9 Schritten zu neuen Zielen Ver\u00f6ffentlichte Fachtexte von Markus Bieri zum Thema \u00abMensch 4.0\u00bb<\/p>\n","protected":false},"author":1,"featured_media":92,"parent":0,"menu_order":0,"comment_status":"closed","ping_status":"closed","template":"","meta":{"footnotes":""},"class_list":["post-40","page","type-page","status-publish","has-post-thumbnail","hentry"],"_links":{"self":[{"href":"https:\/\/www.mb-personal-consulting.ch\/cms\/index.php\/wp-json\/wp\/v2\/pages\/40","targetHints":{"allow":["GET"]}}],"collection":[{"href":"https:\/\/www.mb-personal-consulting.ch\/cms\/index.php\/wp-json\/wp\/v2\/pages"}],"about":[{"href":"https:\/\/www.mb-personal-consulting.ch\/cms\/index.php\/wp-json\/wp\/v2\/types\/page"}],"author":[{"embeddable":true,"href":"https:\/\/www.mb-personal-consulting.ch\/cms\/index.php\/wp-json\/wp\/v2\/users\/1"}],"replies":[{"embeddable":true,"href":"https:\/\/www.mb-personal-consulting.ch\/cms\/index.php\/wp-json\/wp\/v2\/comments?post=40"}],"version-history":[{"count":12,"href":"https:\/\/www.mb-personal-consulting.ch\/cms\/index.php\/wp-json\/wp\/v2\/pages\/40\/revisions"}],"predecessor-version":[{"id":361,"href":"https:\/\/www.mb-personal-consulting.ch\/cms\/index.php\/wp-json\/wp\/v2\/pages\/40\/revisions\/361"}],"wp:featuredmedia":[{"embeddable":true,"href":"https:\/\/www.mb-personal-consulting.ch\/cms\/index.php\/wp-json\/wp\/v2\/media\/92"}],"wp:attachment":[{"href":"https:\/\/www.mb-personal-consulting.ch\/cms\/index.php\/wp-json\/wp\/v2\/media?parent=40"}],"curies":[{"name":"wp","href":"https:\/\/api.w.org\/{rel}","templated":true}]}}