{"id":53,"date":"2021-04-14T12:25:36","date_gmt":"2021-04-14T10:25:36","guid":{"rendered":"https:\/\/www.mb-personal-consulting.ch\/cms\/?p=53"},"modified":"2021-06-23T09:38:37","modified_gmt":"2021-06-23T07:38:37","slug":"theorie-u","status":"publish","type":"page","link":"https:\/\/www.mb-personal-consulting.ch\/cms\/index.php\/theorie-u\/","title":{"rendered":"Theorie U"},"content":{"rendered":"\n<p><strong>Von der Zukunft her gestalten und f\u00fchren<\/strong><\/p>\n\n\n\n<p>Es ist ein alter Wunsch der Menschheit, heute schon zu wissen zu wollen, wie die Zukunft sein wird. Die Herausforderungen unserer Zeit zwingen alle Institutionen und Gemeinschaften dazu, sich zu ver\u00e4ndern und zu erneuern.<\/p>\n\n\n\n<p>Die heutigen Ver\u00e4nderungs- und L\u00f6sungsfindungsprozesse sind meist statisch und ihr Vorgehen gr\u00fcndet auf einem Weg, dessen System und Denkhaltung vorgegeben ist. Dabei wird eine Problemstellung \u00fcber eine Zieldefinition und unter Einbezug des bestehenden Wissens in einem L\u00f6sungsansatz umgesetzt.<\/p>\n\n\n\n<p>In Anbetracht der heutigen und zuk\u00fcnftig immer komplexer werdenden Situationen stellt sich die Frage: Gen\u00fcgen die bisherigen Prozesse f\u00fcr die L\u00f6sung zuk\u00fcnftiger Probleme oder m\u00fcssen f\u00fcr diese Herausforderungen neue Ans\u00e4tze gefunden werden?<\/p>\n\n\n\n<p><strong>Die Theorie U \u2013 der Schl\u00fcssel f\u00fcr Ihre erfolgreiche Zukunft<\/strong><\/p>\n\n\n\n<p>Seit mehr als 10 Jahren besch\u00e4ftige ich mich eingehend mit der Theorie U und wende diese situativ und tagt\u00e4glich bei der Arbeit mit meinen Kunden und deren Unternehmen an.<\/p>\n\n\n\n<p>Der Prozess der Theorie U von Dr. Otto C. Scharmer bietet sehr gute Grundlagen und M\u00f6glichkeiten, sich zuk\u00fcnftigen Herausforderungen und Fragen zu stellen und sich mit dem eigenen Bewusstsein auf allen Ebenen eingehender zu befassen. Auf einfache, aber sehr wirksame Art und Weise, unterst\u00fctzt dieser Prozess die Entwicklung von eigenen und unternehmerischen Zukunftsideen.<\/p>\n\n\n\n<p>Es geht darum,<\/p>\n\n\n\n<ul class=\"wp-block-list\"><li>dass wir unsere Situationen m\u00f6glichst umfassend erkennen und anerkennen lernen, achtsam handeln und die Verantwortung f\u00fcr uns selber \u00fcbernehmen.<\/li><li>sich selber echte und sinnvolle Ziele zu setzen und die eigenen Ressourcen einzusch\u00e4tzen, welche zum Erreichen der gesetzten Ziele notwendig sind.<\/li><li>sich auf das Ziel zu konzentrieren und im Angebot des maximalen Individualismus und in der Masse der Angebote die Konzentration und Ausrichtung zu behalten und sich nicht zu verlieren.<\/li><li>dass wir wieder mehr unser emotionales Bewusstsein in unsere Entscheidungen einbinden.<\/li><\/ul>\n\n\n\n<p>Die Anwendung der Theorie U zeigt insbesondere durch die Einbindung des emotionalen Bewusstseins sehr gut auf, wie ein eigener Weg gegangen und umgesetzt werden kann. So lernen wir, m\u00f6glichst umfassende und nachhaltige Entscheide zu treffen. Die Methode unterst\u00fctzt uns, den Fragestellungen der Zukunft offener zu begegnen und mit diesen umzugehen. M\u00f6chten Sie mehr \u00fcber die Anwendung, die M\u00f6glichkeiten und den Einsatz der Theorie U erfahren? Kontaktieren Sie mich per Telefon unter +41 79 322 67 82 oder per E-Mail \u00fcber <a href=\"mailto:willkommen@mb-personal-consulting.ch\">willkommen@mb-personal-consulting.ch<\/a>. Ich stehe Ihnen gerne f\u00fcr Ihre zukunftsorientierten Fragen zur Verf\u00fcgung.<\/p>\n\n\n\n<p><\/p>\n\n\n\n<figure class=\"wp-block-image size-large\"><img loading=\"lazy\" decoding=\"async\" width=\"723\" height=\"1024\" src=\"https:\/\/www.mb-personal-consulting.ch\/cms\/wp-content\/uploads\/2021\/04\/Prozess_Theorie_U_2018-723x1024.png\" alt=\"\" class=\"wp-image-97\" srcset=\"https:\/\/www.mb-personal-consulting.ch\/cms\/wp-content\/uploads\/2021\/04\/Prozess_Theorie_U_2018-723x1024.png 723w, https:\/\/www.mb-personal-consulting.ch\/cms\/wp-content\/uploads\/2021\/04\/Prozess_Theorie_U_2018-212x300.png 212w, https:\/\/www.mb-personal-consulting.ch\/cms\/wp-content\/uploads\/2021\/04\/Prozess_Theorie_U_2018-768x1088.png 768w, https:\/\/www.mb-personal-consulting.ch\/cms\/wp-content\/uploads\/2021\/04\/Prozess_Theorie_U_2018-42x60.png 42w, https:\/\/www.mb-personal-consulting.ch\/cms\/wp-content\/uploads\/2021\/04\/Prozess_Theorie_U_2018.png 1000w\" sizes=\"auto, (max-width: 723px) 100vw, 723px\" \/><\/figure>\n","protected":false},"excerpt":{"rendered":"<p>Von der Zukunft her gestalten und f\u00fchren Es ist ein alter Wunsch der Menschheit, heute schon zu wissen zu wollen, wie die Zukunft sein wird. Die Herausforderungen unserer Zeit zwingen alle Institutionen und Gemeinschaften dazu, sich zu ver\u00e4ndern und zu erneuern. Die heutigen Ver\u00e4nderungs- und L\u00f6sungsfindungsprozesse sind meist statisch und ihr Vorgehen gr\u00fcndet auf einem &hellip; <a href=\"https:\/\/www.mb-personal-consulting.ch\/cms\/index.php\/theorie-u\/\" class=\"more-link\"><span class=\"screen-reader-text\">Theorie U<\/span> weiterlesen<\/a><\/p>\n","protected":false},"author":1,"featured_media":0,"parent":0,"menu_order":0,"comment_status":"closed","ping_status":"open","template":"","meta":{"footnotes":""},"class_list":["post-53","page","type-page","status-publish","hentry"],"_links":{"self":[{"href":"https:\/\/www.mb-personal-consulting.ch\/cms\/index.php\/wp-json\/wp\/v2\/pages\/53","targetHints":{"allow":["GET"]}}],"collection":[{"href":"https:\/\/www.mb-personal-consulting.ch\/cms\/index.php\/wp-json\/wp\/v2\/pages"}],"about":[{"href":"https:\/\/www.mb-personal-consulting.ch\/cms\/index.php\/wp-json\/wp\/v2\/types\/page"}],"author":[{"embeddable":true,"href":"https:\/\/www.mb-personal-consulting.ch\/cms\/index.php\/wp-json\/wp\/v2\/users\/1"}],"replies":[{"embeddable":true,"href":"https:\/\/www.mb-personal-consulting.ch\/cms\/index.php\/wp-json\/wp\/v2\/comments?post=53"}],"version-history":[{"count":6,"href":"https:\/\/www.mb-personal-consulting.ch\/cms\/index.php\/wp-json\/wp\/v2\/pages\/53\/revisions"}],"predecessor-version":[{"id":299,"href":"https:\/\/www.mb-personal-consulting.ch\/cms\/index.php\/wp-json\/wp\/v2\/pages\/53\/revisions\/299"}],"wp:attachment":[{"href":"https:\/\/www.mb-personal-consulting.ch\/cms\/index.php\/wp-json\/wp\/v2\/media?parent=53"}],"curies":[{"name":"wp","href":"https:\/\/api.w.org\/{rel}","templated":true}]}}